{"id":393,"date":"2023-04-03T18:36:45","date_gmt":"2023-04-03T16:36:45","guid":{"rendered":"https:\/\/www.doeer.eu\/en\/?page_id=393"},"modified":"2025-11-07T09:46:11","modified_gmt":"2025-11-07T08:46:11","slug":"resources","status":"publish","type":"page","link":"https:\/\/www.doeer.eu\/sk\/resources\/","title":{"rendered":"Zdroje"},"content":{"rendered":"\r\n<figure class=\"wp-block-image size-full\"><img decoding=\"async\" class=\"wp-image-556\" src=\"https:\/\/www.doeer.eu\/wp-content\/uploads\/2023\/04\/to-learn-4226965.jpg\" alt=\"\" \/><\/figure>\r\n\r\n\r\n\r\n<p>Pod\u013ea v\u0161eobecn\u00fdch a \u0161pecifick\u00fdch cie\u013eov DOEER bud\u00fa kone\u010dn\u00e9 v\u00fdsledky projektu prin\u00e1\u0161a\u0165 <strong>r\u00f4zne pridan\u00e9 hodnoty<\/strong>. <br \/>Z tohto h\u013eadiska<strong> spolupr\u00e1ca medzi eur\u00f3pskymi vysoko\u0161kolsk\u00fdmi in\u0161tit\u00faciami<\/strong> posiln\u00ed \u00falohu partnersk\u00fdch vysoko\u0161kolsk\u00fdch in\u0161tit\u00faci\u00ed pri <strong>vytv\u00e1ran\u00ed smern\u00edc, v spolupr\u00e1ci s firmami, k rovnak\u00e9mu procesu<\/strong>, ktor\u00fd by mal vies\u0165 k re\u0161tartovaniu a zv\u00fd\u0161eniu odolnosti v krajin\u00e1ch E\u00da zapojen\u00fdch do projektu, ktor\u00fd sa v pr\u00edpade DOEER bude musie\u0165 rozv\u00edja\u0165 s d\u00f4razom na \u010dloveka, digit\u00e1lne a horizont\u00e1lne pre v\u0161etky discipl\u00edny. <br \/>Preto bude nevyhnutn\u00e9 zavies\u0165 do praxe konfront\u00e1ciu, diskusiu a zdie\u013eanie koncep\u010dnej orient\u00e1cie na nadn\u00e1rodnej \u00farovni v krajin\u00e1ch zapojen\u00fdch do projektu, aby sa vytvoril \u00fa\u010dinn\u00fd syst\u00e9m v\u00fdsledkov zalo\u017een\u00fd na <strong>spolo\u010dnom a na skuto\u010dnom ch\u00e1pan\u00ed pojmu &#8220; rovn\u00fd&#8220;<\/strong>.<\/p>\r\n","protected":false},"excerpt":{"rendered":"<p>Pod\u013ea v\u0161eobecn\u00fdch a \u0161pecifick\u00fdch cie\u013eov DOEER bud\u00fa kone\u010dn\u00e9 v\u00fdsledky projektu prin\u00e1\u0161a\u0165 r\u00f4zne pridan\u00e9 hodnoty. Z tohto h\u013eadiska spolupr\u00e1ca medzi eur\u00f3pskymi vysoko\u0161kolsk\u00fdmi in\u0161tit\u00faciami posiln\u00ed \u00falohu partnersk\u00fdch vysoko\u0161kolsk\u00fdch in\u0161tit\u00faci\u00ed pri vytv\u00e1ran\u00ed smern\u00edc, v spolupr\u00e1ci s firmami, k rovnak\u00e9mu procesu, ktor\u00fd by mal vies\u0165 k re\u0161tartovaniu a zv\u00fd\u0161eniu odolnosti v krajin\u00e1ch E\u00da zapojen\u00fdch do projektu, ktor\u00fd sa v [&hellip;]<\/p>\n","protected":false},"author":3,"featured_media":0,"parent":0,"menu_order":0,"comment_status":"closed","ping_status":"closed","template":"","meta":{"pgc_sgb_lightbox_settings":"","footnotes":""},"class_list":["post-393","page","type-page","status-publish","hentry"],"_links":{"self":[{"href":"https:\/\/www.doeer.eu\/sk\/wp-json\/wp\/v2\/pages\/393","targetHints":{"allow":["GET"]}}],"collection":[{"href":"https:\/\/www.doeer.eu\/sk\/wp-json\/wp\/v2\/pages"}],"about":[{"href":"https:\/\/www.doeer.eu\/sk\/wp-json\/wp\/v2\/types\/page"}],"author":[{"embeddable":true,"href":"https:\/\/www.doeer.eu\/sk\/wp-json\/wp\/v2\/users\/3"}],"replies":[{"embeddable":true,"href":"https:\/\/www.doeer.eu\/sk\/wp-json\/wp\/v2\/comments?post=393"}],"version-history":[{"count":3,"href":"https:\/\/www.doeer.eu\/sk\/wp-json\/wp\/v2\/pages\/393\/revisions"}],"predecessor-version":[{"id":1552,"href":"https:\/\/www.doeer.eu\/sk\/wp-json\/wp\/v2\/pages\/393\/revisions\/1552"}],"wp:attachment":[{"href":"https:\/\/www.doeer.eu\/sk\/wp-json\/wp\/v2\/media?parent=393"}],"curies":[{"name":"wp","href":"https:\/\/api.w.org\/{rel}","templated":true}]}}

<figure class="wp-block-image size-full"><img decoding="async" class="wp-image-556" src="https://www.doeer.eu/wp-content/uploads/2023/04/to-learn-4226965.jpg" alt="" /></figure>



<p>Podľa všeobecných a špecifických cieľov DOEER budú konečné výsledky projektu prinášať <strong>rôzne pridané hodnoty</strong>. <br />Z tohto hľadiska<strong> spolupráca medzi európskymi vysokoškolskými inštitúciami</strong> posilní úlohu partnerských vysokoškolských inštitúcií pri <strong>vytváraní smerníc, v spolupráci s firmami, k rovnakému procesu</strong>, ktorý by mal viesť k reštartovaniu a zvýšeniu odolnosti v krajinách EÚ zapojených do projektu, ktorý sa v prípade DOEER bude musieť rozvíjať s dôrazom na človeka, digitálne a horizontálne pre všetky disciplíny. <br />Preto bude nevyhnutné zaviesť do praxe konfrontáciu, diskusiu a zdieľanie koncepčnej orientácie na nadnárodnej úrovni v krajinách zapojených do projektu, aby sa vytvoril účinný systém výsledkov založený na <strong>spoločnom a na skutočnom chápaní pojmu &#8220; rovný&#8220;</strong>.</p>

<p>Podľa všeobecných a špecifických cieľov DOEER budú konečné výsledky projektu prinášať rôzne pridané hodnoty. Z tohto hľadiska spolupráca medzi európskymi vysokoškolskými inštitúciami posilní úlohu partnerských vysokoškolských inštitúcií pri vytváraní smerníc, v spolupráci s firmami, k rovnakému procesu, ktorý by mal viesť k reštartovaniu a zvýšeniu odolnosti v krajinách EÚ zapojených do projektu, ktorý sa v [&hellip;]</p>
